{"id":38,"date":"2025-09-13T01:50:38","date_gmt":"2025-09-13T01:50:38","guid":{"rendered":"https:\/\/koniglab.com\/cidar-uy\/?page_id=38"},"modified":"2025-09-16T15:12:37","modified_gmt":"2025-09-16T15:12:37","slug":"cidar","status":"publish","type":"page","link":"https:\/\/koniglab.com\/cidar-uy\/","title":{"rendered":"cidar-uy"},"content":{"rendered":"\t\t<div data-elementor-type=\"wp-page\" data-elementor-id=\"38\" class=\"elementor elementor-38\" data-elementor-post-type=\"page\">\n\t\t\t\t\t\t<section class=\"elementor-section elementor-top-section elementor-element elementor-element-14407988 elementor-section-boxed elementor-section-height-default elementor-section-height-default\" data-id=\"14407988\" data-element_type=\"section\">\n\t\t\t\t\t\t<div class=\"elementor-container elementor-column-gap-default\">\n\t\t\t\t\t<div class=\"elementor-column elementor-col-100 elementor-top-column elementor-element elementor-element-1040e4c0\" data-id=\"1040e4c0\" data-element_type=\"column\">\n\t\t\t<div class=\"elementor-widget-wrap elementor-element-populated\">\n\t\t\t\t\t\t<div class=\"elementor-element elementor-element-3c1d0a5b animated-slow elementor-invisible elementor-widget elementor-widget-image\" data-id=\"3c1d0a5b\" data-element_type=\"widget\" data-settings=\"{&quot;_animation&quot;:&quot;fadeIn&quot;}\" data-widget_type=\"image.default\">\n\t\t\t\t\t\t\t\t\t\t\t\t\t\t\t<img decoding=\"async\" src=\"https:\/\/koniglab.com\/cidar-uy\/wp-content\/uploads\/2025\/09\/cidarlogo-01-scaled.jpg\" title=\"cidarlogo-01\" alt=\"cidarlogo-01\" loading=\"lazy\" \/>\t\t\t\t\t\t\t\t\t\t\t\t\t\t\t<\/div>\n\t\t\t\t\t<\/div>\n\t\t<\/div>\n\t\t\t\t\t<\/div>\n\t\t<\/section>\n\t\t\t\t<section class=\"elementor-section elementor-top-section elementor-element elementor-element-532d2199 elementor-section-height-min-height elementor-section-boxed elementor-section-height-default elementor-section-items-middle\" data-id=\"532d2199\" data-element_type=\"section\" data-settings=\"{&quot;background_background&quot;:&quot;classic&quot;}\">\n\t\t\t\t\t\t<div class=\"elementor-container elementor-column-gap-default\">\n\t\t\t\t\t<div class=\"elementor-column elementor-col-50 elementor-top-column elementor-element elementor-element-2f196dce\" data-id=\"2f196dce\" data-element_type=\"column\">\n\t\t\t<div class=\"elementor-widget-wrap elementor-element-populated\">\n\t\t\t\t\t\t<div class=\"elementor-element elementor-element-57ebe0b9 elementor-invisible elementor-widget elementor-widget-image\" data-id=\"57ebe0b9\" data-element_type=\"widget\" data-settings=\"{&quot;_animation&quot;:&quot;fadeInLeft&quot;}\" data-widget_type=\"image.default\">\n\t\t\t\t\t\t\t\t\t\t\t\t\t\t\t<img decoding=\"async\" src=\"https:\/\/koniglab.com\/cidar-uy\/wp-content\/uploads\/2025\/09\/txtcidar1.png\" title=\"txtcidar1\" alt=\"txtcidar1\" loading=\"lazy\" \/>\t\t\t\t\t\t\t\t\t\t\t\t\t\t\t<\/div>\n\t\t\t\t\t<\/div>\n\t\t<\/div>\n\t\t\t\t<div class=\"elementor-column elementor-col-50 elementor-top-column elementor-element elementor-element-6ca6aa0a\" data-id=\"6ca6aa0a\" data-element_type=\"column\">\n\t\t\t<div class=\"elementor-widget-wrap elementor-element-populated\">\n\t\t\t\t\t\t<div class=\"elementor-element elementor-element-3b3138e9 elementor-invisible elementor-widget elementor-widget-image\" data-id=\"3b3138e9\" data-element_type=\"widget\" data-settings=\"{&quot;_animation&quot;:&quot;fadeInRight&quot;}\" data-widget_type=\"image.default\">\n\t\t\t\t\t\t\t\t\t\t\t\t\t\t\t<img fetchpriority=\"high\" decoding=\"async\" width=\"900\" height=\"353\" src=\"https:\/\/koniglab.com\/cidar-uy\/wp-content\/uploads\/2025\/09\/packcidarpng.png\" class=\"attachment-large size-large wp-image-84\" alt=\"\" srcset=\"https:\/\/koniglab.com\/cidar-uy\/wp-content\/uploads\/2025\/09\/packcidarpng.png 900w, https:\/\/koniglab.com\/cidar-uy\/wp-content\/uploads\/2025\/09\/packcidarpng-300x118.png 300w, https:\/\/koniglab.com\/cidar-uy\/wp-content\/uploads\/2025\/09\/packcidarpng-768x301.png 768w\" sizes=\"(max-width: 900px) 100vw, 900px\" \/>\t\t\t\t\t\t\t\t\t\t\t\t\t\t\t<\/div>\n\t\t\t\t\t<\/div>\n\t\t<\/div>\n\t\t\t\t\t<\/div>\n\t\t<\/section>\n\t\t\t\t<section class=\"elementor-section elementor-top-section elementor-element elementor-element-4fbe9fdc elementor-section-boxed elementor-section-height-default elementor-section-height-default\" data-id=\"4fbe9fdc\" data-element_type=\"section\" data-settings=\"{&quot;background_background&quot;:&quot;classic&quot;}\">\n\t\t\t\t\t\t<div class=\"elementor-container elementor-column-gap-default\">\n\t\t\t\t\t<div class=\"elementor-column elementor-col-100 elementor-top-column elementor-element elementor-element-3f4f68c7\" data-id=\"3f4f68c7\" data-element_type=\"column\">\n\t\t\t<div class=\"elementor-widget-wrap elementor-element-populated\">\n\t\t\t\t\t\t<div class=\"elementor-element elementor-element-309abf36 animated-slow elementor-invisible elementor-widget elementor-widget-image\" data-id=\"309abf36\" data-element_type=\"widget\" id=\"boton\" data-settings=\"{&quot;_animation&quot;:&quot;fadeIn&quot;}\" data-widget_type=\"image.default\">\n\t\t\t\t\t\t\t\t\t\t\t\t\t\t\t<img decoding=\"async\" width=\"750\" height=\"129\" src=\"https:\/\/koniglab.com\/cidar-uy\/wp-content\/uploads\/2025\/09\/botoncidaruy1.png\" class=\"attachment-large size-large wp-image-90\" alt=\"\" srcset=\"https:\/\/koniglab.com\/cidar-uy\/wp-content\/uploads\/2025\/09\/botoncidaruy1.png 750w, https:\/\/koniglab.com\/cidar-uy\/wp-content\/uploads\/2025\/09\/botoncidaruy1-300x52.png 300w\" sizes=\"(max-width: 750px) 100vw, 750px\" \/>\t\t\t\t\t\t\t\t\t\t\t\t\t\t\t<\/div>\n\t\t\t\t\t<\/div>\n\t\t<\/div>\n\t\t\t\t\t<\/div>\n\t\t<\/section>\n\t\t\t\t<section class=\"elementor-section elementor-top-section elementor-element elementor-element-5b53f70d elementor-section-height-min-height elementor-section-boxed elementor-section-height-default elementor-section-items-middle\" data-id=\"5b53f70d\" data-element_type=\"section\" data-settings=\"{&quot;background_background&quot;:&quot;classic&quot;}\">\n\t\t\t\t\t\t<div class=\"elementor-container elementor-column-gap-default\">\n\t\t\t\t\t<div class=\"elementor-column elementor-col-100 elementor-top-column elementor-element elementor-element-1748f5c0\" data-id=\"1748f5c0\" data-element_type=\"column\">\n\t\t\t<div class=\"elementor-widget-wrap elementor-element-populated\">\n\t\t\t\t\t\t<div class=\"elementor-element elementor-element-7017b70 elementor-invisible elementor-widget elementor-widget-image\" data-id=\"7017b70\" data-element_type=\"widget\" data-settings=\"{&quot;_animation&quot;:&quot;fadeInUp&quot;}\" data-widget_type=\"image.default\">\n\t\t\t\t\t\t\t\t\t\t\t\t\t\t\t<img decoding=\"async\" width=\"1024\" height=\"119\" src=\"https:\/\/koniglab.com\/cidar-uy\/wp-content\/uploads\/2025\/09\/txt2-1024x119.png\" class=\"attachment-large size-large wp-image-93\" alt=\"\" srcset=\"https:\/\/koniglab.com\/cidar-uy\/wp-content\/uploads\/2025\/09\/txt2-1024x119.png 1024w, https:\/\/koniglab.com\/cidar-uy\/wp-content\/uploads\/2025\/09\/txt2-300x35.png 300w, https:\/\/koniglab.com\/cidar-uy\/wp-content\/uploads\/2025\/09\/txt2-768x89.png 768w, https:\/\/koniglab.com\/cidar-uy\/wp-content\/uploads\/2025\/09\/txt2.png 1200w\" sizes=\"(max-width: 1024px) 100vw, 1024px\" \/>\t\t\t\t\t\t\t\t\t\t\t\t\t\t\t<\/div>\n\t\t\t\t<div class=\"elementor-element elementor-element-77e7a582 elementor-widget elementor-widget-image\" data-id=\"77e7a582\" data-element_type=\"widget\" data-widget_type=\"image.default\">\n\t\t\t\t\t\t\t\t\t\t\t\t\t\t\t<img loading=\"lazy\" decoding=\"async\" width=\"1024\" height=\"115\" src=\"https:\/\/koniglab.com\/cidar-uy\/wp-content\/uploads\/2025\/09\/txt3-1024x115.png\" class=\"attachment-large size-large wp-image-96\" alt=\"\" srcset=\"https:\/\/koniglab.com\/cidar-uy\/wp-content\/uploads\/2025\/09\/txt3-1024x115.png 1024w, https:\/\/koniglab.com\/cidar-uy\/wp-content\/uploads\/2025\/09\/txt3-300x34.png 300w, https:\/\/koniglab.com\/cidar-uy\/wp-content\/uploads\/2025\/09\/txt3-768x86.png 768w, https:\/\/koniglab.com\/cidar-uy\/wp-content\/uploads\/2025\/09\/txt3.png 1280w\" sizes=\"(max-width: 1024px) 100vw, 1024px\" \/>\t\t\t\t\t\t\t\t\t\t\t\t\t\t\t<\/div>\n\t\t\t\t\t<\/div>\n\t\t<\/div>\n\t\t\t\t\t<\/div>\n\t\t<\/section>\n\t\t\t\t<section class=\"elementor-section elementor-top-section elementor-element elementor-element-4b443fc6 elementor-section-height-min-height elementor-section-items-top animated-slow elementor-section-boxed elementor-section-height-default elementor-invisible\" data-id=\"4b443fc6\" data-element_type=\"section\" data-settings=\"{&quot;animation&quot;:&quot;fadeIn&quot;}\">\n\t\t\t\t\t\t<div class=\"elementor-container elementor-column-gap-default\">\n\t\t\t\t\t<div class=\"elementor-column elementor-col-25 elementor-top-column elementor-element elementor-element-5700884b\" data-id=\"5700884b\" data-element_type=\"column\">\n\t\t\t<div class=\"elementor-widget-wrap elementor-element-populated\">\n\t\t\t\t\t\t<div class=\"elementor-element elementor-element-4074e7e5 elementor-widget elementor-widget-image\" data-id=\"4074e7e5\" data-element_type=\"widget\" data-widget_type=\"image.default\">\n\t\t\t\t\t\t\t\t\t\t\t\t\t\t\t<img loading=\"lazy\" decoding=\"async\" width=\"200\" height=\"200\" src=\"https:\/\/koniglab.com\/cidar-uy\/wp-content\/uploads\/2025\/09\/i1.png\" class=\"attachment-large size-large wp-image-99\" alt=\"\" srcset=\"https:\/\/koniglab.com\/cidar-uy\/wp-content\/uploads\/2025\/09\/i1.png 200w, https:\/\/koniglab.com\/cidar-uy\/wp-content\/uploads\/2025\/09\/i1-150x150.png 150w\" sizes=\"(max-width: 200px) 100vw, 200px\" \/>\t\t\t\t\t\t\t\t\t\t\t\t\t\t\t<\/div>\n\t\t\t\t<div class=\"elementor-element elementor-element-6793c14 elementor-widget elementor-widget-text-editor\" data-id=\"6793c14\" data-element_type=\"widget\" data-widget_type=\"text-editor.default\">\n\t\t\t\t\t\t\t\t\t<p>Su efecto contra pulgas y garrapatas se inicia a los 30 minutos de su administraci\u00f3n.<\/p>\t\t\t\t\t\t\t\t<\/div>\n\t\t\t\t\t<\/div>\n\t\t<\/div>\n\t\t\t\t<div class=\"elementor-column elementor-col-25 elementor-top-column elementor-element elementor-element-38a0ca60\" data-id=\"38a0ca60\" data-element_type=\"column\">\n\t\t\t<div class=\"elementor-widget-wrap elementor-element-populated\">\n\t\t\t\t\t\t<div class=\"elementor-element elementor-element-4ecf346f elementor-widget elementor-widget-image\" data-id=\"4ecf346f\" data-element_type=\"widget\" data-widget_type=\"image.default\">\n\t\t\t\t\t\t\t\t\t\t\t\t\t\t\t<img loading=\"lazy\" decoding=\"async\" width=\"200\" height=\"200\" src=\"https:\/\/koniglab.com\/cidar-uy\/wp-content\/uploads\/2025\/09\/i2.png\" class=\"attachment-large size-large wp-image-102\" alt=\"\" srcset=\"https:\/\/koniglab.com\/cidar-uy\/wp-content\/uploads\/2025\/09\/i2.png 200w, https:\/\/koniglab.com\/cidar-uy\/wp-content\/uploads\/2025\/09\/i2-150x150.png 150w\" sizes=\"(max-width: 200px) 100vw, 200px\" \/>\t\t\t\t\t\t\t\t\t\t\t\t\t\t\t<\/div>\n\t\t\t\t<div class=\"elementor-element elementor-element-f8020f7 elementor-widget elementor-widget-text-editor\" data-id=\"f8020f7\" data-element_type=\"widget\" data-widget_type=\"text-editor.default\">\n\t\t\t\t\t\t\t\t\t<p>A las 2 horas alcanza el 100% de eficacia contra pulgas y entre las 12 y 24 horas el 100% contra garrapatas.<\/p>\t\t\t\t\t\t\t\t<\/div>\n\t\t\t\t\t<\/div>\n\t\t<\/div>\n\t\t\t\t<div class=\"elementor-column elementor-col-25 elementor-top-column elementor-element elementor-element-436bade8\" data-id=\"436bade8\" data-element_type=\"column\">\n\t\t\t<div class=\"elementor-widget-wrap elementor-element-populated\">\n\t\t\t\t\t\t<div class=\"elementor-element elementor-element-6c60f5b6 elementor-widget elementor-widget-image\" data-id=\"6c60f5b6\" data-element_type=\"widget\" data-widget_type=\"image.default\">\n\t\t\t\t\t\t\t\t\t\t\t\t\t\t\t<img loading=\"lazy\" decoding=\"async\" width=\"200\" height=\"200\" src=\"https:\/\/koniglab.com\/cidar-uy\/wp-content\/uploads\/2025\/09\/i3.png\" class=\"attachment-large size-large wp-image-105\" alt=\"\" srcset=\"https:\/\/koniglab.com\/cidar-uy\/wp-content\/uploads\/2025\/09\/i3.png 200w, https:\/\/koniglab.com\/cidar-uy\/wp-content\/uploads\/2025\/09\/i3-150x150.png 150w\" sizes=\"(max-width: 200px) 100vw, 200px\" \/>\t\t\t\t\t\t\t\t\t\t\t\t\t\t\t<\/div>\n\t\t\t\t<div class=\"elementor-element elementor-element-c629316 elementor-widget elementor-widget-text-editor\" data-id=\"c629316\" data-element_type=\"widget\" data-widget_type=\"text-editor.default\">\n\t\t\t\t\t\t\t\t\t<p>Administrar con el alimento para mejorar su absorci\u00f3n.<\/p>\t\t\t\t\t\t\t\t<\/div>\n\t\t\t\t\t<\/div>\n\t\t<\/div>\n\t\t\t\t<div class=\"elementor-column elementor-col-25 elementor-top-column elementor-element elementor-element-6a587f5a\" data-id=\"6a587f5a\" data-element_type=\"column\">\n\t\t\t<div class=\"elementor-widget-wrap elementor-element-populated\">\n\t\t\t\t\t\t<div class=\"elementor-element elementor-element-11167dcd elementor-widget elementor-widget-image\" data-id=\"11167dcd\" data-element_type=\"widget\" data-widget_type=\"image.default\">\n\t\t\t\t\t\t\t\t\t\t\t\t\t\t\t<img loading=\"lazy\" decoding=\"async\" width=\"200\" height=\"200\" src=\"https:\/\/koniglab.com\/cidar-uy\/wp-content\/uploads\/2025\/09\/i4.png\" class=\"attachment-large size-large wp-image-108\" alt=\"\" srcset=\"https:\/\/koniglab.com\/cidar-uy\/wp-content\/uploads\/2025\/09\/i4.png 200w, https:\/\/koniglab.com\/cidar-uy\/wp-content\/uploads\/2025\/09\/i4-150x150.png 150w\" sizes=\"(max-width: 200px) 100vw, 200px\" \/>\t\t\t\t\t\t\t\t\t\t\t\t\t\t\t<\/div>\n\t\t\t\t<div class=\"elementor-element elementor-element-c6aeca2 elementor-widget elementor-widget-text-editor\" data-id=\"c6aeca2\" data-element_type=\"widget\" data-widget_type=\"text-editor.default\">\n\t\t\t\t\t\t\t\t\t<p>F\u00f3rmula con alto perfil de seguridad. Aprobado para su uso en razas Collie.<\/p>\t\t\t\t\t\t\t\t<\/div>\n\t\t\t\t\t<\/div>\n\t\t<\/div>\n\t\t\t\t\t<\/div>\n\t\t<\/section>\n\t\t\t\t<section class=\"elementor-section elementor-top-section elementor-element elementor-element-63617240 elementor-section-boxed elementor-section-height-default elementor-section-height-default\" data-id=\"63617240\" data-element_type=\"section\">\n\t\t\t\t\t\t<div class=\"elementor-container elementor-column-gap-default\">\n\t\t\t\t\t<div class=\"elementor-column elementor-col-25 elementor-top-column elementor-element elementor-element-11a9783b\" data-id=\"11a9783b\" data-element_type=\"column\">\n\t\t\t<div class=\"elementor-widget-wrap elementor-element-populated\">\n\t\t\t\t\t\t<div class=\"elementor-element elementor-element-7fa72991 elementor-align-center elementor-widget elementor-widget-button\" data-id=\"7fa72991\" data-element_type=\"widget\" data-widget_type=\"button.default\">\n\t\t\t\t\t\t\t\t\t\t<a class=\"elementor-button elementor-button-link elementor-size-sm\" href=\"https:\/\/koniglab.com\/cidar-uy\/wp-content\/uploads\/2025\/09\/PA9561-V0-prospecto-Cidar.pdf\" target=\"_blank\">\n\t\t\t\t\t\t<span class=\"elementor-button-content-wrapper\">\n\t\t\t\t\t\t\t\t\t<span class=\"elementor-button-text\">PROSPECTO<\/span>\n\t\t\t\t\t<\/span>\n\t\t\t\t\t<\/a>\n\t\t\t\t\t\t\t\t<\/div>\n\t\t\t\t\t<\/div>\n\t\t<\/div>\n\t\t\t\t<div class=\"elementor-column elementor-col-25 elementor-top-column elementor-element elementor-element-19f8f079\" data-id=\"19f8f079\" data-element_type=\"column\">\n\t\t\t<div class=\"elementor-widget-wrap elementor-element-populated\">\n\t\t\t\t\t\t<div class=\"elementor-element elementor-element-635a9fea elementor-align-center elementor-widget elementor-widget-button\" data-id=\"635a9fea\" data-element_type=\"widget\" data-widget_type=\"button.default\">\n\t\t\t\t\t\t\t\t\t\t<a class=\"elementor-button elementor-button-link elementor-size-sm\" href=\"https:\/\/koniglab.com\/cidar-uy\/wp-content\/uploads\/2025\/09\/Cidar-FS-ESP-07-23.pdf\" target=\"_blank\">\n\t\t\t\t\t\t<span class=\"elementor-button-content-wrapper\">\n\t\t\t\t\t\t\t\t\t<span class=\"elementor-button-text\">FDS<\/span>\n\t\t\t\t\t<\/span>\n\t\t\t\t\t<\/a>\n\t\t\t\t\t\t\t\t<\/div>\n\t\t\t\t\t<\/div>\n\t\t<\/div>\n\t\t\t\t<div class=\"elementor-column elementor-col-25 elementor-top-column elementor-element elementor-element-739ed2ce\" data-id=\"739ed2ce\" data-element_type=\"column\">\n\t\t\t<div class=\"elementor-widget-wrap\">\n\t\t\t\t\t\t\t<\/div>\n\t\t<\/div>\n\t\t\t\t<div class=\"elementor-column elementor-col-25 elementor-top-column elementor-element elementor-element-7aab694b\" data-id=\"7aab694b\" data-element_type=\"column\">\n\t\t\t<div class=\"elementor-widget-wrap\">\n\t\t\t\t\t\t\t<\/div>\n\t\t<\/div>\n\t\t\t\t\t<\/div>\n\t\t<\/section>\n\t\t\t\t<section class=\"elementor-section elementor-top-section elementor-element elementor-element-2a12786e elementor-section-boxed elementor-section-height-default elementor-section-height-default\" data-id=\"2a12786e\" data-element_type=\"section\">\n\t\t\t\t\t\t<div class=\"elementor-container elementor-column-gap-default\">\n\t\t\t\t\t<div class=\"elementor-column elementor-col-100 elementor-top-column elementor-element elementor-element-b8c365\" data-id=\"b8c365\" data-element_type=\"column\">\n\t\t\t<div class=\"elementor-widget-wrap elementor-element-populated\">\n\t\t\t\t\t\t<div class=\"elementor-element elementor-element-769bae6f elementor-widget elementor-widget-html\" data-id=\"769bae6f\" data-element_type=\"widget\" data-widget_type=\"html.default\">\n\t\t\t\t\t<script src=\"https:\/\/cdn.jsdelivr.net\/npm\/add-to-calendar-button@2\" async=\"\" defer=\"\"><\/script>\r\n<script type=\"application\/javascript\">\r\n  var result = new Date();\r\n  result.setDate(result.getDate() + 53);\r\n  const yyyy = result.getFullYear();\r\n  let mm = result.getMonth() + 1; \/\/ Months start at 0!\r\n  let dd = result.getDate();\r\n\r\n  if (dd < 10) dd = '0' + dd;\r\n  if (mm < 10) mm = '0' + mm;\r\n\r\n  const formattedToday = yyyy + '-' + mm + '-' + dd;\r\n\r\n  const config = {\r\n    name: \"La protecci\u00f3n de tu perro se est\u00e1 terminando. Volv\u00e9 a darle Cidar y manten\u00e9 protegida a toda tu familia.\",\r\n    startDate: formattedToday,\r\n    startTime: \"10:15\",\r\n    endTime: \"23:30\",\r\n    hideBackground:true,\r\n    buttonsList:true,\r\n    hideTextLabelButton:true,\r\n    buttonStyle:\"round\",\r\n    lightMode:\"bodyScheme\",\r\n    options: [\"Google\", \"Apple\"],\r\n    timeZone: \"currentBrowser\"\r\n  };\r\n  const button = document.getElementById('boton');\r\n  if (button) {\r\n    button.addEventListener('click', () => atcb_action(config, button));\r\n  }\r\n<\/script>\t\t\t\t<\/div>\n\t\t\t\t\t<\/div>\n\t\t<\/div>\n\t\t\t\t\t<\/div>\n\t\t<\/section>\n\t\t<div class=\"elementor-element elementor-element-dee8706 e-flex e-con-boxed e-con e-parent\" data-id=\"dee8706\" data-element_type=\"container\">\n\t\t\t\t\t<div class=\"e-con-inner\">\n\t\t\t\t<div class=\"elementor-element elementor-element-54aaf93 elementor-widget elementor-widget-text-editor\" data-id=\"54aaf93\" data-element_type=\"widget\" data-widget_type=\"text-editor.default\">\n\t\t\t\t\t\t\t\t\t<p>CIDAR\u00ae Una l\u00ednea de LABORATORIOS KONIG S.A &#8211; Dise\u00f1o web\u00a0<a href=\"https:\/\/arcreativo.com.ar\/\" target=\"_blank\" rel=\"noopener\">AR CREATIVO\u00ae<\/a><\/p>\t\t\t\t\t\t\t\t<\/div>\n\t\t\t\t\t<\/div>\n\t\t\t\t<\/div>\n\t\t\t\t<\/div>\n\t\t","protected":false},"excerpt":{"rendered":"<p>Su efecto contra pulgas y garrapatas se inicia a los 30 minutos de su administraci\u00f3n. A las 2 horas alcanza [&hellip;]<\/p>\n","protected":false},"author":2,"featured_media":0,"parent":0,"menu_order":0,"comment_status":"closed","ping_status":"closed","template":"elementor_canvas","meta":{"site-sidebar-layout":"default","site-content-layout":"","ast-site-content-layout":"default","site-content-style":"default","site-sidebar-style":"default","ast-global-header-display":"","ast-banner-title-visibility":"","ast-main-header-display":"","ast-hfb-above-header-display":"","ast-hfb-below-header-display":"","ast-hfb-mobile-header-display":"","site-post-title":"","ast-breadcrumbs-content":"","ast-featured-img":"","footer-sml-layout":"","theme-transparent-header-meta":"","adv-header-id-meta":"","stick-header-meta":"","header-above-stick-meta":"","header-main-stick-meta":"","header-below-stick-meta":"","astra-migrate-meta-layouts":"default","ast-page-background-enabled":"default","ast-page-background-meta":{"desktop":{"background-color":"var(--ast-global-color-5)","background-image":"","background-repeat":"repeat","background-position":"center center","background-size":"auto","background-attachment":"scroll","background-type":"","background-media":"","overlay-type":"","overlay-color":"","overlay-opacity":"","overlay-gradient":""},"tablet":{"background-color":"","background-image":"","background-repeat":"repeat","background-position":"center center","background-size":"auto","background-attachment":"scroll","background-type":"","background-media":"","overlay-type":"","overlay-color":"","overlay-opacity":"","overlay-gradient":""},"mobile":{"background-color":"","background-image":"","background-repeat":"repeat","background-position":"center center","background-size":"auto","background-attachment":"scroll","background-type":"","background-media":"","overlay-type":"","overlay-color":"","overlay-opacity":"","overlay-gradient":""}},"ast-content-background-meta":{"desktop":{"background-color":"var(--ast-global-color-4)","background-image":"","background-repeat":"repeat","background-position":"center center","background-size":"auto","background-attachment":"scroll","background-type":"","background-media":"","overlay-type":"","overlay-color":"","overlay-opacity":"","overlay-gradient":""},"tablet":{"background-color":"var(--ast-global-color-4)","background-image":"","background-repeat":"repeat","background-position":"center center","background-size":"auto","background-attachment":"scroll","background-type":"","background-media":"","overlay-type":"","overlay-color":"","overlay-opacity":"","overlay-gradient":""},"mobile":{"background-color":"var(--ast-global-color-4)","background-image":"","background-repeat":"repeat","background-position":"center center","background-size":"auto","background-attachment":"scroll","background-type":"","background-media":"","overlay-type":"","overlay-color":"","overlay-opacity":"","overlay-gradient":""}},"footnotes":""},"class_list":["post-38","page","type-page","status-publish","hentry"],"_links":{"self":[{"href":"https:\/\/koniglab.com\/cidar-uy\/wp-json\/wp\/v2\/pages\/38","targetHints":{"allow":["GET"]}}],"collection":[{"href":"https:\/\/koniglab.com\/cidar-uy\/wp-json\/wp\/v2\/pages"}],"about":[{"href":"https:\/\/koniglab.com\/cidar-uy\/wp-json\/wp\/v2\/types\/page"}],"author":[{"embeddable":true,"href":"https:\/\/koniglab.com\/cidar-uy\/wp-json\/wp\/v2\/users\/2"}],"replies":[{"embeddable":true,"href":"https:\/\/koniglab.com\/cidar-uy\/wp-json\/wp\/v2\/comments?post=38"}],"version-history":[{"count":22,"href":"https:\/\/koniglab.com\/cidar-uy\/wp-json\/wp\/v2\/pages\/38\/revisions"}],"predecessor-version":[{"id":183,"href":"https:\/\/koniglab.com\/cidar-uy\/wp-json\/wp\/v2\/pages\/38\/revisions\/183"}],"wp:attachment":[{"href":"https:\/\/koniglab.com\/cidar-uy\/wp-json\/wp\/v2\/media?parent=38"}],"curies":[{"name":"wp","href":"https:\/\/api.w.org\/{rel}","templated":true}]}}